lculate the remainder when 41 is divided by 4/6*(22 + 2).
9
Let y = 50 + -12. What is the remainder when y is divided by 9?
2
Suppose b + 3*b = 88. What is the remainder when b is divided by 6?
4
Suppose -2*f + 16 = -4*p, -8 = -2*p - f + 6*f. Let k(u) = -u**3 - 5*u**2 + 4*u - 2. What is the remainder when k(p) is divided by 4?
2
Let j(r) = -33*r**3 + 2*r + 1. Let g be j(-1). Suppose p + 2*v = -15, v = 2*p + 6*v + g. Let k = 20 + p. What is the remainder when 17 is divided by k?
8
Let o = -20 - -24. Calculate the remainder when 11 is divided by o.
3
Let r(z) = -z**2 - 12*z - 3. What is the remainder when 93 is divided by r(-9)?
21
Let j = 3 + 3. Calculate the remainder when 21 is divided by 2/6 - (-64)/j.
10
Suppose 0*h + 3*h - 9 = 0. Suppose 0 = 7*g - h*g - 12. What is the remainder when 7 is divided by g?
1
Let b(s) = -s**3 - 9*s**2 + 3*s - 5. Let f(g) = g**2 - g. Let m(p) = -b(p) - 3*f(p). Let x be m(-5). What is the remainder when 43 is divided by (x/25)/(4/50)?
13
Let m(c) = 2*c**2 + 7*c + 4. Let q be ((-4)/5)/((-1)/(-5)). Calculate the remainder when 21 is divided by m(q).
5
Let z(o) = 2*o - 9. What is the remainder when z(6) is divided by (-48)/(-8) - (-1 - -5)?
1
Suppose -5*b + 0 - 6 = -3*u, 2*u - 4 = -3*b. What is the remainder when 99/4 + (-5)/(-20) is divided by ((-26)/5)/(u/(-5))?
12
Calculate the remainder when (-2)/(3*(-4)/1632) is divided by 55.
52
What is the remainder when 22 + -4 + 9 + -3 is divided by 13?
11
Suppose 5*f + 5*t - 100 = 0, -2*f - t + 2 + 39 = 0. What is the remainder when f is divided by 11?
10
Suppose -a = 3*d - 9, 2*a + 3*a + d - 59 = 0. Calculate the remainder when a is divided by (6 - -1) + 0 + 0.
5
Suppose 0 = 4*w + 12, x + 16 = -x + 2*w. Let p = x - -49. Let b(a) = -a**3 + 6*a**2 - 5*a + 1. What is the remainder when p is divided by b(4)?
12
Let t(y) = y**2 - 3*y + 2. Let x be t(5). Let z = 16 - x. What is the remainder when 11 is divided by z?
3
Suppose 3*x - x - 40 = 0. Suppose a - 3*a + 44 = 0. Let d = a + 17. What is the remainder when d is divided by x?
19
Let l(u) = 2*u**2 + 11*u - 41. Suppose 2*m = 13 + 23. What is the remainder when m is divided by l(3)?
8
What is the remainder when (-95)/(-3) - (-28)/(-42) is divided by 8?
7
Let t(k) = -73*k. What is the remainder when t(-1) is divided by 22 - 4/(-12)*-9?
16
Suppose -2*p - 15 + 51 = 0. What is the remainder when p is divided by 0 + (-15)/2*(-12)/18?
3
Let h be 1 + (3 + 0 - -1). Suppose 5*n + 81 = 2*d, -4*d + 153 + 4 = -h*n. What is the remainder when d is divided by 10?
8
Suppose -4*o = -3*o - 56. Calculate the remainder when o is divided by 30.
26
Suppose 69 = p - 4*w, 5*w = -p - 9 + 33. Suppose -a + 28 = 3. Calculate the remainder when p is divided by a.
24
Calculate the remainder when (-8)/2*(-52)/8 is divided by 7.
5
Let c = 55 - 51. Calculate the remainder when 6/(-3) - 34/(-2) is divided by c.
3
Let f = -6 - -2. Let v(m) = -m**2 - 7*m - 2. Let a be v(f). Calculate the remainder when ((-8)/a)/((-2)/35) is divided by 5.
4
Let h = 146 - 91. Let k be 6/27 - (-122)/18. Suppose -k*c = -2*c - 95. Calculate the remainder when h is divided by c.
17
Suppose 13 = j + 4*j + x, -5*j - 2*x = -11. Let q(g) = g - 5*g + j - 20*g**2 + 21*g**2. What is the remainder when q(-4) is divided by 9?
8
Suppose -2*y + 25 = 5*k + 3*y, 4*y - 20 = -5*k. Suppose f = -k*f - 5, -32 = -r + 5*f. Let p = 3 + r. Calculate the remainder when p is divided by 6.
4
What is the remainder when 131 is divided by 32 + 4/((-4)/(-1))?
32
Suppose -2*p + 34 = 8. Calculate the remainder when (-1)/(-3) + (-226)/(-6) is divided by p.
12
Suppose c - 20 = 6*c. What is the remainder when 15 is divided by (-16)/((-16)/c) + 8?
3
Suppose 5*d + 5*k = 215, -2*k - 4 - 4 = 0. Calculate the remainder when d is divided by 16.
15
Let n = 237 - 218. Let r be -1 - -1*(-1)/(-1). Suppose r = -4*s + 14 + 14. Calculate the remainder when n is divided by s.
5
Let p = 33 - 49. Let h be (2/5)/((-1)/(-5)). Let d = h - p. What is the remainder when 53 is divided by d?
17
Let m be ((-2196)/14)/3*-7. Suppose -3*h = 3*z + 105 - m, 3*z - 173 = -2*h. What is the remainder when h is divided by 30?
28
Suppose 618 = -2*k + 8*k. What is the remainder when k is divided by 35?
33
Let k(a) = 6*a + 7. Suppose 4*g - 20 = -g. Suppose 8 = g*i - 12. What is the remainder when k(i) is divided by 13?
11
Let y = 1 - 15. Calculate the remainder when 50 is divided by 121/7 + 4/y.
16
Suppose 0 = -4*h - 2*l + 18, -3*h + 2*h + l = -12. Calculate the remainder when 12 is divided by h.
5
Let n(x) = x**3 + 7*x**2 + 4*x - 6. Let q be n(-6). Let h(u) = 2 + 0 + u**3 - 4 - 7*u**2 + 8*u. What is the remainder when 28 is divided by h(q)?
8
Let f = -20 + 35. Let u be 12/15*(-15)/(-6). Calculate the remainder when u/5 - 864/(-15) is divided by f.
13
Suppose 0 = -2*w + 6. Let s(i) = i**3 - 3*i**2 + 4. What is the remainder when s(3) is divided by w?
1
Let c(h) = -h + 15. Suppose 40 = 4*f + f. Calculate the remainder when c(0) is divided by f.
7
Let w(g) = 5*g + 53. Calculate the remainder when 45 is divided by w(-9).
5
Suppose -4*c + 87 = -153. Suppose 4*r = 4*v + c, 4*v = 5*v + 4*r + 30. Let o = v + 46. Calculate the remainder when o is divided by 15.
13
Suppose 4*j - 6*l = -3*l + 23, -3*j + 16 = -l. Suppose 4*o + o + j = 0. Let r = 7 + o. Calculate the remainder when 10 is divided by r.
4
Let t(b) = b**2 - 4*b + 8. Suppose 2*h - 3*y + y - 180 = 0, 4*h - 345 = y. Calculate the remainder when h is divided by t(7).
27
Let n = -51 - -74. What is the remainder when 31 is divided by n?
8
Let t(v) be the second derivative of v**3/6 + 7*v**2/2 - 2*v. Let q be t(-4). Suppose 0 = -2*o + 1 + q. What is the remainder when 5 is divided by o?
1
Let p be ((-4)/10)/(1/(-95)). Suppose -g + p = g. Suppose -20*s - 112 = -22*s. Calculate the remainder when s is divided by g.
18
Let v = 17 - 12. Suppose -k - 53 = -4*o, 8*k = v*o + 5*k - 68. What is the remainder when 36 is divided by o?
10
Let n(c) = -3*c - 1. Calculate the remainder when n(-3) is divided by 3.
2
Let t = 44 - 31. What is the remainder when 25 is divided by t?
12
Let c(r) = -r**3 + 2*r**2 + 4*r - 3. Let x be c(3). Suppose x = k + 2*k - 24. Suppose k = o - 10. What is the remainder when o is divided by 10?
8
Suppose -4*p + 148 = -5*x, -3*p + 67 = -3*x - 41. What is the remainder when p is divided by -2 + 2 + (-21 + 3)*-1?
14
Let j be (-645)/(-10) - 3/2. Suppose 3*m + 17 = g - 4, -3*g = m - j. Calculate the remainder when g is divided by 11.
10
Suppose -3*o + 3285 = 12*o. Calculate the remainder when o is divided by 13.
11
Suppose -10 = 3*x - 34. What is the remainder when 14 is divided by x?
6
Let d = -4 + -22. Let k = -15 - d. What is the remainder when 22 + 2/(0 - 2) is divided by k?
10
Let o = -18 - -42. What is the remainder when 166 is divided by o?
22
Calculate the remainder when (-6001)/(-153) + 2/(-9) is divided by 8.
7
Suppose 4*b = d - 4, 0 = d + 5*b - 8*b - 5. What is the remainder when d is divided by 6?
2
Let p(v) = v**2 + v + 11. What is the remainder when p(-8) is divided by 23?
21
Suppose 4*b + 3*r + 28 - 6 = 0, r = 4*b + 14. Let c = 2 - b. Calculate the remainder when 17 is divided by c.
5
Let q(p) = -p**3 - 7*p**2 - p - 7. Let o be q(-7). Let b = o + 1. Suppose 5*y = -z + 5 + 11, -y + z + 2 = 0. What is the remainder when y is divided by b?
0
Let l(f) = -2*f + 62. Calculate the remainder when l(17) is divided by (-2)/((-4)/(-30))*-1.
13
Suppose 7*p + p = 56. Calculate the remainder when 19 is divided by p.
5
Let f = 8 - 6. Suppose -i + 2*j + 5 = 0, 7*i = 2*i - f*j + 73. Suppose 3*o = -o + 152. What is the remainder when o is divided by i?
12
Suppose s + 4*v = -2*s + 135, v = -3*s + 135. What is the remainder when s is divided by 12?
9
Suppose 4*x - 2*x - 4*z = 8, 5*x + 3*z = 7. Suppose x = 2*j - 0*j. Suppose q + 4*q = 10. Calculate the remainder when q is divided by j.
0
Let a be (-5)/5 + (-1)/(-1). Let n be 4/3*90/4. Suppose -2*s + n = -a*s. Calculate the remainder when 44 is divided by s.
14
Let r be 396/14 + (-8)/28. Let c be (-1)/(-6) + 115/30. Let o = r - c. What is the remainder when 47 is divided by o?
23
Suppose 4*i - 423 + 79 = 4*t, 3*t - i + 254 = 0. Let c = 127 + t. What is the remainder when c is divided by 11?
10
Suppose 0 = 5*r - 33 - 17. Let j = 19 - r. Calculate the r